is the remainder when 44 is divided by 14?
2
What is the remainder when 140 is divided by 43?
11
Calculate the remainder when 272 is divided by 78.
38
Calculate the remainder when 235 is divided by 43.
20
What is the remainder when 835 is divided by 9?
7
Calculate the remainder when 351 is divided by 52.
39
What is the remainder when 53 is divided by 12?
5
What is the remainder when 237 is divided by 187?
50
What is the remainder when 48 is divided by 29?
19
What is the remainder when 28351 is divided by 3?
1
Calculate the remainder when 17457 is divided by 36.
33
What is the remainder when 8398 is divided by 30?
28
What is the remainder when 18520 is divided by 44?
40
Calculate the remainder when 702 is divided by 101.
96
What is the remainder when 1147 is divided by 4?
3
What is the remainder when 1212 is divided by 152?
148
Calculate the remainder when 418 is divided by 28.
26
What is the remainder when 188 is divided by 31?
2
What is the remainder when 45 is divided by 29?
16
What is the remainder when 1961 is divided by 197?
188
Calculate the remainder when 845 is divided by 207.
17
What is the remainder when 226 is divided by 29?
23
Calculate the remainder when 1548 is divided by 110.
8
What is the remainder when 8684 is divided by 86?
84
Calculate the remainder when 267 is divided by 21.
15
What is the remainder when 64 is divided by 11?
9
What is the remainder when 728 is divided by 98?
42
Calculate the remainder when 161 is divided by 19.
9
Calculate the remainder when 87 is divided by 44.
43
Calculate the remainder when 73 is divided by 38.
35
What is the remainder when 1136 is divided by 7?
2
Calculate the remainder when 642 is divided by 15.
12
What is the remainder when 307 is divided by 147?
13
What is the remainder when 8063 is divided by 32?
31
What is the remainder when 1007 is divided by 29?
21
Calculate the remainder when 2878 is divided by 8.
6
What is the remainder when 298 is divided by 15?
13
What is the remainder when 298 is divided by 7?
4
What is the remainder when 258 is divided by 67?
57
Calculate the remainder when 98 is divided by 22.
10
What is the remainder when 3030 is divided by 22?
16
Calculate the remainder when 66 is divided by 17.
15
Calculate the remainder when 116 is divided by 31.
23
What is the remainder when 670 is divided by 14?
12
What is the remainder when 225 is divided by 12?
9
Calculate the remainder when 1166 is divided by 138.
62
What is the remainder when 6847 is divided by 10?
7
Calculate the remainder when 699 is divided by 99.
6
Calculate the remainder when 260 is divided by 27.
17
Calculate the remainder when 577 is divided by 19.
7
What is the remainder when 74 is divided by 35?
4
Calculate the remainder when 417 is divided by 30.
27
Calculate the remainder when 2154 is divided by 77.
75
What is the remainder when 1669 is divided by 11?
8
What is the remainder when 366 is divided by 10?
6
What is the remainder when 402 is divided by 101?
99
What is the remainder when 3679 is divided by 31?
21
Calculate the remainder when 850 is divided by 282.
4
What is the remainder when 97 is divided by 17?
12
What is the remainder when 232 is divided by 16?
8
Calculate the remainder when 3265 is divided by 101.
33
What is the remainder when 608 is divided by 87?
86
Calculate the remainder when 70 is divided by 42.
28
What is the remainder when 905 is divided by 47?
12
What is the remainder when 988 is divided by 163?
10
What is the remainder when 2255 is divided by 61?
59
Calculate the remainder when 96221 is divided by 194.
191
What is the remainder when 452 is divided by 91?
88
What is the remainder when 494 is divided by 11?
10
Calculate the remainder when 2249 is divided by 1122.
5
Calculate the remainder when 181 is divided by 47.
40
What is the remainder when 119 is divided by 115?
4
What is the remainder when 417 is divided by 15?
12
What is the remainder when 34 is divided by 19?
15
Calculate the remainder when 21195 is divided by 47.
45
What is the remainder when 83 is divided by 13?
5
What is the remainder when 1360 is divided by 171?
163
Calculate the remainder when 2034 is divided by 21.
18
Calculate the remainder when 113 is divided by 7.
1
Calculate the remainder when 238 is divided by 15.
13
Calculate the remainder when 14 is divided by 13.
1
What is the remainder when 1319 is divided by 167?
150
Calculate the remainder when 3122 is divided by 59.
54
What is the remainder when 418 is divided by 60?
58
What is the remainder when 84 is divided by 12?
0
Calculate the remainder when 300 is divided by 34.
28
Calculate the remainder when 112 is divided by 86.
26
Calculate the remainder when 674 is divided by 36.
26
Calculate the remainder when 1589 is divided by 15.
14
Calculate the remainder when 85 is divided by 29.
27
What is the remainder when 334 is divided by 230?
104
Calculate the remainder when 431 is divided by 6.
5
What is the remainder when 61 is divided by 27?
7
What is the remainder when 309 is divided by 74?
13
What is the remainder when 425 is divided by 88?
73
What is the remainder when 39 is divided by 10?
9
Calculate the remainder when 150 is divided by 39.
33
What is the remainder when 2395 is divided by 772?
79
What is the remainder when 59 is divided by 35?
24
Calculate the remainder when 143 is divided by 34.
7
What is the remainder when 5144 is divided by 147?
146
What is the remainder when 432 is divided by 101?
28
Calculate the remainder when 135 is divided by 17.
16
Calculate the remainder when 83 is divided by 3.
2
Calculate the remainder when 1566 is divided by 103.
21
What is the remainder when 1370 is divided by 7?
5
What is the remainder when 176 is divided by 21?
8
What is the remainder when 334 is divided by 110?
4
What is the remainder when 515 is divided by 507?
8
Calculate the remainder when 122 is divided by 66.
56
What is the remainder when 341 is divided by 88?
77
Calculate the remainder when 84 is divided by 29.
26
What is the remainder when 32 is divided by 9?
5
Calculate the remainder when 569 is divided by 34.
25
Calculate the remainder when 422 is divided by 9.
8
Calculate the remainder when 3603 is divided by 597.
21
Calculate the remainder when 304 is divided by 9.
7
What is the remainder when 31 is divided by 6?
1
What is the remainder when 162 is divided by 26?
6
What is the remainder when 349 is divided by 18?
7
What is the remainder when 74 is divided by 7?
4
What is the remainder when 216 is divided by 29?
13
What is the remainder when 176 is divided by 73?
30
What is the remainder when 968 is divided by 2?
0
What is the remainder when 1293 is divided by 54?
51
Calculate the remainder when 1395 is divided by 84.
51
What is the remainder when 1365 is divided by 28?
21
What is the remainder when 250 is divided by 214?
36
What is the remainder when 457 is divided by 14?
9
What is the remainder when 2938 is divided by 49?
47
Calculate the remainder when 214 is divided by 43.
42
Calculate the remainder when 152 is divided by 14.
12
What is the remainder when 19326 is divided by 16?
14
What is the remainder when 6235 is divided by 63?
61
Calculate the remainder when 292 is divided by 44.
28
Calculate the remainder when 464 is divided by 51.
5
What is the remainder when 601 is divided by 67?
65
What is the remainder when 237 is divided by 10?
7
What is the remainder when 50 is divided by 9?
5
Calculate the remainder when 945 is divided by 186.
15
Calculate the remainder when 515 is divided by 28.
11
What is the remainder when 140 is divided by 48?
44
What is the remainder when 671 is divided by 43?
26
Calculate the remainder when 65 is divided by 53.
12
What is the remainder when 1229 is divided by 109?
30
Calculate the remainder when 176 is divided by 96.
80
Calculate the remainder when 704 is divided by 115.
14
Calculate the remainder when 228 is divided by 48.
36
What is the remainder when 6 is divided by 2?
0
Calculate the remainder when 272 is divided by 92.
88
What is the remainder when 273 is divided by 60?
33
Calculate the remainder when 13382 is divided by 46.
42
Calculate the remainder when 682 is divided by 75.
7
Calculate the remainder when 8318 is divided by 29.
24
What is the remainder when 61 is divided by 55?
6
Calculate the rem